 = 32 - 30, 8 = 3*m + 5*r. Let v(f) = -65*f + 1. Give v(m).
-64
Suppose -o + 32 = 29. Let b(i) = i**3 - 5*i**2 + 2*i - 1. Determine b(o).
-13
Let g(o) be the third derivative of -o**5/60 + o**4/8 + o**3/3 - 31*o**2. Determine g(7).
-26
Let q(x) = -x**3 - 14*x**2 + 18*x + 22. Suppose 0 = -2*a - 4*i - 30, -2*a - 3*i - 31 = -1. Calculate q(a).
-23
Let b(c) = 1. Let v(r) = -13*r**2 - r - 6. Let l(d) = -6*b(d) - v(d). Let u = 1 - 2. Let z be ((-6)/(-2))/(u + 4). Calculate l(z).
14
Let a(r) = r**3 - 27*r**2 - 25*r**2 + 2*r + 35*r**2 - 3*r + 13 - r. Calculate a(17).
-21
Suppose 10*a - 9*a - 10 = 0. Suppose a*p + 3 = 11*p. Let h(w) = -w + 5. Determine h(p).
2
Let c(p) = p**3 - 5*p**2 + 3*p - 2. Let j be ((-5)/3)/((-2)/6). Calculate c(j).
13
Let i(r) be the third derivative of -r**4/12 - 7*r**3/3 - 133*r**2 - 1. Give i(-4).
-6
Let p(s) = -2*s - s + 4*s + 8. Let q be 3 - (-1 + (3 - 5)). Suppose 0 = 4*z + 2*o + 4, -3*o - q = -0*z + 5*z. Give p(z).
8
Let y(a) = -7*a + 4. Let z(r) = -14*r + 7. Let t(g) = 5*y(g) - 3*z(g). Let p = 2 + -14. Let h = p + 11. Give t(h).
-8
Let v(o) = 7*o**2 - 1. Let d be (2/(-9) + (-1122)/54)*1. Let s = d - -20. Calculate v(s).
6
Let u(r) be the first derivative of -1/3*r**4 + 3*r**2 + 1/6*r**3 + 0*r + 6. Let y(w) be the second derivative of u(w). Determine y(1).
-7
Let h(k) = -k + 5. Suppose 4*o = 5*x - 65, 2*x + 6 + 1 = -5*o. Give h(x).
-4
Suppose 6*q - 1 = 5. Let o(c) = -7*c - 2. Calculate o(q).
-9
Let c be (4 - 7)/(-3) + 5. Suppose -4*t = -5*g - 6*t + 37, 0 = -g + t + c. Let b(q) be the second derivative of -q**3/6 + 3*q. What is b(g)?
-7
Let g(k) = 2 + 0 + 7*k - 1 + 0*k. Let t(s) = -1. Let u(p) = g(p) + 2*t(p). Let i be (2/(-4) + 0)*2. Calculate u(i).
-8
Let g(y) = 804*y**2 + 809*y**2 + 14 - 2 - 1615*y**2. What is g(-3)?
-6
Let s = -677 - -682. Let u(l) = l**3 - 6*l**2 + 2*l - 7. Give u(s).
-22
Let r(l) = -l + 1. Let y be r(-5). Let z(o) be the third derivative of 14*o**2 + 0 - 1/24*o**4 - 1/10*o**5 + 1/120*o**6 + 0*o - 1/3*o**3. Give z(y).
-8
Let h = 954 + -958. Let s(q) = -13*q - 11. Calculate s(h).
41
Suppose 2*v + 26 = 6. Let j(q) = -q - 21. What is j(v)?
-11
Let a = 55 + -53. Let u(d) = 2 - a + d - 3. What is u(3)?
0
Let y be ((-130)/78)/((-15)/72). Let v(i) = -5*i**2 + 10*i - 1. Let f(n) = n**2 - n + 1. Let h(r) = -4*f(r) - v(r). Calculate h(y).
13
Let p be ((-16)/6)/((-1)/3). Let r(f) be the first derivative of 9 + 2*f - 1/2*f**2. Give r(p).
-6
Let n(v) = 2*v**2 - 13*v - 5. Let i be n(7). Let w(o) = 2*o**3 - 9*o**i - 16*o**3 - 1 + 13*o**3. Calculate w(-9).
-1
Let x be (-4)/(-14) + 12/(-42). Let v be (-1 - x)*-3 - -11. Let j = v + -13. Let u(q) = -6*q**3 - q**2. Give u(j).
-7
Let k(q) = -q**2 + 33*q + 5. Let o be k(33). Let g(w) = -w**2 + 5*w - 6. Calculate g(o).
-6
Let r(g) = -5*g + 2 - 132*g**2 + 133*g**2 + 13*g - 9. What is r(-7)?
-14
Suppose 9*y = 12*y - 5*t + 29, 0 = -2*y - 2*t + 2. Let f(h) = -h**2 - 2*h - 3. Give f(y).
-6
Let h(z) = -84*z**2 - 6 + 29*z**2 + 26*z**2 + 26*z**2. What is h(3)?
-33
Let h(n) be the first derivative of 2*n**2 + 3*n + 44. What is h(-2)?
-5
Let j(m) = -m**3 - m**2 + 3*m - 1. Let q(c) = -c**2 - 9*c - 1. Let k be q(-9). Let f be k/(-1*(-3)/(-3)). Let l be -4*(9/(-6) + f). Determine j(l).
-7
Let v(r) = 5*r - 6. Let a(c) = 20*c + 43. Let u(s) = -7*s - 14. Let m(y) = 6*a(y) + 17*u(y). Let i be m(-14). Determine v(i).
24
Let t(i) = -i + 2. Let v be -7 + 6 + 24/(-4). Give t(v).
9
Suppose -u + 31 = 2*l, 7*u - 15 = 12*u. Let x(f) = -f**2 + 18*f - 25. What is x(l)?
-8
Suppose 12*z + 6 = 10*z + 2*k, -3*z + k = -1. Let q(h) be the first derivative of -2 - 5/3*h**3 - 1/4*h**4 + 4*h + 0*h**z. Calculate q(-5).
4
Let n(r) = r - 3. Suppose 4*q - 27 + 3 = 0. Let l be n(q). Let y(u) = -4 - u**l - 4*u**2 - 3*u - 4*u - 3*u**2 + 0*u. Calculate y(-6).
2
Let f = 99 - 57. Let z be (f/(-49))/((-2)/(-14)). Let l(k) be the first derivative of k**4/4 + 5*k**3/3 - 3*k**2 - 5*k - 2. What is l(z)?
-5
Let d(v) = -4*v + 3. Let c = -123 - -119. Determine d(c).
19
Let u = 16 - 13. Let y(r) = 3 - 5*r - r**2 - 11*r**3 + 4*r**2 - r**2 + u*r. Let l(w) = -7*w**3 + w**2 - w + 2. Let n(g) = -8*l(g) + 5*y(g). What is n(-3)?
-4
Let k(m) = 7*m**3 - 21*m**2 + 9*m - 21. Let s be 5/(10/(-2)) - -6. Let q(w) = -11*w**3 + 32*w**2 - 14*w + 32. Let a(h) = s*q(h) + 8*k(h). Give a(8).
8
Let s(b) = 5*b**3 - 14*b**2 + 14*b + 2. Let i(h) = 11*h**3 - 29*h**2 + 29*h + 5. Let d(p) = -6*i(p) + 13*s(p). Let k = -2002 - -1993. What is d(k)?
5
Let t(k) be the second derivative of k**5/20 - k**4/4 - k**3/3 - k**2 - k. Suppose -11*n - 263 + 188 = -36*n. Determine t(n).
-8
Let s(u) = -2 + 5*u**2 - 10*u**3 - u**3 - u + 13*u**3 - 3*u**3. Let o be (-4 - 0)*(-5)/4. Calculate s(o).
-7
Let s(l) = -6*l**2 - 2*l - 2. Suppose 3*h + 0*h + 10 = -g, 2*g = 2*h + 4. Calculate s(g).
-6
Let c(x) = 10*x + 3*x**2 + 0*x**2 + 65 + 12*x - 73. Determine c(-8).
8
Suppose 15 + 1 = -4*r. Let b(k) = 13*k**3 + 11*k**2 + 7*k + 8. Let n(y) = -3*y**3 - 3*y**2 - 2*y - 2. Let g = 2 + -4. Let d(q) = g*b(q) - 9*n(q). Give d(r).
2
Let h(i) = -932*i + 6 - 8 + 934*i. Calculate h(-8).
-18
Let r(w) = -w**2 + w + 3. Let p(q) = 3*q**2 - 4*q - 15. Let s(g) = -p(g) - 5*r(g). What is s(1)?
1
Let g(o) be the first derivative of o**4/4 + 2*o**3 - 5*o**2/2 + 8*o + 4. Determine g(-7).
-6
Let d(i) = i**3 + 2*i**2 - 8*i - 9. Let x be d(-3). Suppose 0 = 10*n - x*n - 24. Let l(v) = -v**3 + 6*v**2 - 2*v + 9. Give l(n).
-3
Let g(o) = o + 4. Let d = -7 + 14. Let r = d - 5. Suppose -t = -1, r*p - 2 - 1 = -3*t. Give g(p).
4
Let h(l) = -3*l**3 - 3*l**2 + l. Let i(j) = -8*j**3 - 8*j**2 + 2*j - 1. Let c(f) = 11*h(f) - 4*i(f). Let k be c(-2). Let r(m) = 8*m - 2*m - m + 1. Give r(k).
11
Let t(v) = 18*v - 11. Let p(w) = -41*w + 25. Let b(y) = 2*p(y) + 5*t(y). What is b(4)?
27
Let m(x) be the first derivative of 1/12*x**4 + 5/6*x**3 + 5/2*x**2 + 3*x + 2. Let s(g) be the first derivative of m(g). Give s(-4).
1
Suppose 3*i - 8 - 10 = -y, 0 = -4*y. Suppose -i*q + 5*q = 15. Let w be -15 - q - (-4)/(-2). Let m(j) = 2*j**2 + 3*j. Calculate m(w).
2
Let c(d) = d - 15. Let p(f) = -18*f - 116. Let o be p(-7). Give c(o).
-5
Let p(n) be the first derivative of n**3/3 - n**2/2 - 2*n + 152. What is p(3)?
4
Let a(u) = 3*u**2 + 3*u - 2. Let q(x) = 13*x**2 + 12*x - 13. Let w(p) = -5*a(p) + q(p). Suppose 5*z = -11 - 9. Determine w(z).
-23
Let y be 2*(14/4)/(-7). Let s(u) be the first derivative of 3*u**3 - u**2/2 - u - 234. What is s(y)?
9
Let n(x) = x**2 - 2*x - 3. Let f = -34 - -24. Let k(j) = j**2 + 9*j - 7. Let u be k(f). Determine n(u).
0
Suppose 10 = 2*d + 5*r, 0 = 2*d + 2*d - 4*r - 20. Let k(o) = -4*o**2 + o - 6. Let y(b) = 5*b**2 + 6. Let x(g) = d*y(g) + 6*k(g). Let w = -5 - 1. Calculate x(w).
-6
Suppose -9*q - 69*q - 546 = 0. Let u(g) = g + 9. Calculate u(q).
2
Let n(m) be the third derivative of -m**5/60 - m**4/2 - 11*m**3/6 + 19*m**2 - 2. Give n(-9).
16
Let z = -1 - 1. Let i(b) = 3*b**2 + 3*b + 4. Let q be (-16)/6 + (-4)/(-6). Let r(d) = d**2 + d + 1. Let o(v) = q*r(v) + i(v). What is o(z)?
4
Let r(m) = -115 + 230 + 2*m - 118. Calculate r(3).
3
Let d(f) = -9*f + 41. Let j(u) = 10*u - 46. Let x(z) = 7*d(z) + 6*j(z). Calculate x(12).
-25
Let s(n) = n**3 - n**2 + n. Suppose 2*h = -h. Suppose 4*x + 3*w - 32 = h, 0*x = -3*x - 4*w + 31. Suppose -x*g = -g. Determine s(g).
0
Let o be (24/30 - 2)/((-3)/10). Let s(g) = -g**2 - g - 33 + 3*g**2 + 35 - o*g**2. What is s(-2)?
-4
Let m(j) be the second derivative of 5*j**3/3 - 15*j**2/2 + 2*j. Let q(c) = c - 1. Let o(x) = -2*m(x) + 22*q(x). Suppose b - 2 = -8. What is o(b)?
-4
Let n be (-16)/20 + 36/20 + -4. Let u(k) = 3*k - 8. Let r(m) = 4*m - 9. Let f(l) = 5*r(l) - 6*u(l). Give f(n).
-3
Suppose 0 = 4*f - 5*f + 19. Suppose 1 = -4*q - f. Let r(j) = -j**3 - 4*j**2 + 4*j - 6. Calculate r(q).
-1
Suppose -7*c - 53 = -88. Let m(w) be the second derivative of -w**4/12 + 5*w**3/6 - 3*w**2 + w. What is m(c)?
-6
Let f(k) = 9*k - 2. Let i(r) = 7 - 22 + 7 + r + 9. Let a(d) = f(d) - 4*i(d). What is a(5)?
19
Let d = -1 + 4. Let h(z) = 5 - d - z + z**2 + 0*z - 4*z. Give h(4).
-2
Let t(p) = -p - 9. Let u be (10/(-25))/(9/10)*-9. Determine t(u).
-13
Let g = -90 + 90. Let j be g/(-5) + -1 + -1. Let v(l) = 2*l**2 - 2. What is v(j)?
6
Let s(j) = j**2 - 6*j + 2. Let p(n) = n - 1. Let y(h) = 2*h. Let r(i